{"id":58,"date":"2019-09-12T23:17:54","date_gmt":"2019-09-12T23:17:54","guid":{"rendered":"https:\/\/isabelpedrero.com\/?page_id=58"},"modified":"2024-03-01T20:50:08","modified_gmt":"2024-03-01T20:50:08","slug":"inicio","status":"publish","type":"page","link":"https:\/\/isabelpedrero.com\/","title":{"rendered":"Isabel Pedrero"},"content":{"rendered":"<div class=\"wp-block-image\">\n<figure class=\"alignleft size-large is-resized\"><img loading=\"lazy\" decoding=\"async\" src=\"https:\/\/isabelpedrero.com\/wp-content\/uploads\/2021\/09\/Foto-autora-Isabel-Pedrero--1024x683.jpg\" alt=\"\" class=\"wp-image-6727\" width=\"392\" height=\"261\" srcset=\"https:\/\/isabelpedrero.com\/wp-content\/uploads\/2021\/09\/Foto-autora-Isabel-Pedrero--1024x683.jpg 1024w, https:\/\/isabelpedrero.com\/wp-content\/uploads\/2021\/09\/Foto-autora-Isabel-Pedrero--300x200.jpg 300w, https:\/\/isabelpedrero.com\/wp-content\/uploads\/2021\/09\/Foto-autora-Isabel-Pedrero--768x512.jpg 768w, https:\/\/isabelpedrero.com\/wp-content\/uploads\/2021\/09\/Foto-autora-Isabel-Pedrero--1536x1024.jpg 1536w, https:\/\/isabelpedrero.com\/wp-content\/uploads\/2021\/09\/Foto-autora-Isabel-Pedrero--2048x1365.jpg 2048w, https:\/\/isabelpedrero.com\/wp-content\/uploads\/2021\/09\/Foto-autora-Isabel-Pedrero--750x500.jpg 750w, https:\/\/isabelpedrero.com\/wp-content\/uploads\/2021\/09\/Foto-autora-Isabel-Pedrero--555x370.jpg 555w\" sizes=\"auto, (max-width: 392px) 100vw, 392px\" \/><\/figure><\/div>\n\n\n<p>\u00a1Hola!<\/p>\n\n\n\n<p>Soy Isabel Pedrero. Nac\u00ed en un pueblo de Le\u00f3n (Espa\u00f1a) en 1979 y desde siempre me ha interesado la lectura y la escritura. Ya desde peque\u00f1a ten\u00eda claro que la Ciencia Ficci\u00f3n era uno de mis g\u00e9neros favoritos y crec\u00ed leyendo a los grandes autores que llenaban las estanter\u00edas de la biblioteca (y que todos conocemos).<\/p>\n\n\n\n<p>De adolescente descubr\u00ed las revistas <em>pulp<\/em> y, para mi, fue como abrir los ojos a un mundo nuevo. \u00bfDe verdad se \u201cpod\u00eda\u201d hacer eso a la hora de contar historias? Ese momento fue un antes y despu\u00e9s para mi a la hora de entender la literatura y, por supuesto, mis obras est\u00e1n muy influenciadas por la esencia que desprend\u00edan aquellas revistas.<\/p>\n\n\n\n<p>Aunque he escrito historias desde peque\u00f1a, no fue hasta casi mis 40 a\u00f1os que no me plante\u00e9 la escritura como algo en serio. Desde entonces me he dedicado a estudiar para mejorar y, sobre todo, a escribir (porque a escribir se aprende escribiendo). En marzo de 2018 seleccionaron uno de mis relatos para una publicaci\u00f3n por primera vez en mi vida y, desde ese momento, he publicado casi 40 relatos en antolog\u00edas y dos novelas.<\/p>\n\n\n\n<p>En esta web encontrar\u00e9is esas historias.<\/p>\n\n\n\n<div style=\"height:100px\" aria-hidden=\"true\" class=\"wp-block-spacer\"><\/div>\n\n\n\n<hr class=\"wp-block-separator has-alpha-channel-opacity\"\/>\n\n\n\n<p><\/p>\n\n\n<div class=\"wp-block-image\">\n<figure class=\"alignright size-large is-resized\"><img loading=\"lazy\" decoding=\"async\" src=\"https:\/\/isabelpedrero.com\/wp-content\/uploads\/2024\/03\/Intra-743x1024.jpg\" alt=\"Intra\" class=\"wp-image-6779\" width=\"245\" height=\"338\" srcset=\"https:\/\/isabelpedrero.com\/wp-content\/uploads\/2024\/03\/Intra-743x1024.jpg 743w, https:\/\/isabelpedrero.com\/wp-content\/uploads\/2024\/03\/Intra-218x300.jpg 218w, https:\/\/isabelpedrero.com\/wp-content\/uploads\/2024\/03\/Intra-768x1058.jpg 768w, https:\/\/isabelpedrero.com\/wp-content\/uploads\/2024\/03\/Intra-1115x1536.jpg 1115w, https:\/\/isabelpedrero.com\/wp-content\/uploads\/2024\/03\/Intra-1486x2048.jpg 1486w, https:\/\/isabelpedrero.com\/wp-content\/uploads\/2024\/03\/Intra-555x765.jpg 555w, https:\/\/isabelpedrero.com\/wp-content\/uploads\/2024\/03\/Intra-scaled.jpg 1858w\" sizes=\"auto, (max-width: 245px) 100vw, 245px\" \/><figcaption class=\"wp-element-caption\">Intra<\/figcaption><\/figure><\/div>\n\n\n<p class=\"has-text-align-right\"><strong>INTRA<\/strong><\/p>\n\n\n\n<p>Alex nunca se hab\u00eda planteado a d\u00f3nde va el exceso de energ\u00eda que se produce en la f\u00e1brica en la que trabaja hasta que conoce a Matt, su tutor, quien le cuenta que sobre su mundo existe otro mucho m\u00e1s grande y luminoso que vive gracias a la energ\u00eda geot\u00e9rmica que ellos generan.<\/p>\n\n\n\n<p>Aquello no tiene ning\u00fan sentido para Alex. De todos es sabido que all\u00ed arriba, si subes por encima de la l\u00ednea segura, solo encuentras vac\u00edo y muerte.<\/p>\n\n\n\n<p>Sin embargo, cuando ve con sus propios ojos los grandes cables que ascienden desde la azotea de la f\u00e1brica hasta m\u00e1s all\u00e1 de donde alcanza la vista, sabe que su destino est\u00e1 escrito.<\/p>\n\n\n\n<p>Con la ayuda de Kriss, su mejor amiga, emprender\u00e1 un viaje cruzando la oscuridad, hacia donde nadie haya viajado nunca, hasta descubrir un nuevo mundo que no imaginaban.<\/p>\n\n\n\n<p><\/p>\n\n\n\n<p>Puedes adquirir <strong>Intra<\/strong> en la web de la editorial, haciendo click <span style=\"text-decoration: underline;\"><a rel=\"noreferrer noopener\" href=\"https:\/\/www.editorialcerbero.com\/producto\/999-pedazos\/\" data-type=\"URL\" data-id=\"https:\/\/www.insomniaediciones.com\/product\/omega\/\" target=\"_blank\">aqu\u00ed<\/a><\/span> o pedirlo en tu librer\u00eda de confianza.<\/p>\n\n\n\n<div style=\"height:100px\" aria-hidden=\"true\" class=\"wp-block-spacer\"><\/div>\n\n\n\n<hr class=\"wp-block-separator has-alpha-channel-opacity\"\/>\n\n\n\n<p><\/p>\n\n\n\n<p><\/p>\n\n\n\n<p><\/p>\n\n\n\n<p><\/p>\n\n\n\n<p><\/p>\n\n\n<div class=\"wp-block-image is-style-rectangular\">\n<figure class=\"alignleft size-large is-resized\"><img loading=\"lazy\" decoding=\"async\" src=\"https:\/\/isabelpedrero.com\/wp-content\/uploads\/2023\/01\/999-Pedazos-Cerbero-819x1024.jpg\" alt=\"999 Pedazos - Portada\" class=\"wp-image-6741\" width=\"304\" height=\"382\" srcset=\"https:\/\/isabelpedrero.com\/wp-content\/uploads\/2023\/01\/999-Pedazos-Cerbero-58x72.jpg 58w, https:\/\/isabelpedrero.com\/wp-content\/uploads\/2023\/01\/999-Pedazos-Cerbero-262x328.jpg 262w\" sizes=\"auto, (max-width: 304px) 100vw, 304px\" \/><\/figure><\/div>\n\n\n<p><strong>999 PEDAZOS<\/strong><\/p>\n\n\n\n<p>Encerrar al Mal en un espejo y luego romperlo sonaba como la mejor idea del mundo. Nadie se imagin\u00f3 en ese momento que tan solo estaban dividiendo Su poder en 999 fragmentos. Y ahora se las est\u00e1 ingeniando para recomponerse, reflej\u00e1ndose en las pesadillas de los pobres incautos en cuyas manos cae cada trozo de cristal.<\/p>\n\n\n\n<p>Medianoche tiene una \u00fanica misi\u00f3n en la vida y nada lo va a detener: recuperar todos los pedazos y ponerlos a buen recaudo. No es la persona mejor preparada, no es la persona m\u00e1s adecuada, pero es la \u00fanica dispuesta a hacerlo.<\/p>\n\n\n\n<p><br>Puedes adquirir 999 Pedazos en la web de Editorial Cerbero, haciendo click <span style=\"text-decoration: underline;\"><a rel=\"noreferrer noopener\" href=\"https:\/\/www.editorialcerbero.com\/producto\/999-pedazos\/\" data-type=\"URL\" data-id=\"https:\/\/www.insomniaediciones.com\/product\/omega\/\" target=\"_blank\">aqu\u00ed<\/a><\/span> por solo 5\u20ac<\/p>\n\n\n\n<p><\/p>\n\n\n\n<p><\/p>\n\n\n\n<p><\/p>\n\n\n\n<div style=\"height:100px\" aria-hidden=\"true\" class=\"wp-block-spacer\"><\/div>\n\n\n\n<p><\/p>\n\n\n\n<hr class=\"wp-block-separator has-alpha-channel-opacity\"\/>\n\n\n\n<p><\/p>\n\n\n\n<p><\/p>\n\n\n<div class=\"wp-block-image is-style-rectangular\">\n<figure class=\"alignright is-resized\"><img loading=\"lazy\" decoding=\"async\" src=\"https:\/\/isabelpedrero.com\/wp-content\/uploads\/2021\/09\/Portada-Omega.jpeg\" alt=\"Omega\" class=\"wp-image-6726\" width=\"300\" height=\"425\" srcset=\"https:\/\/isabelpedrero.com\/wp-content\/uploads\/2021\/09\/Portada-Omega.jpeg 700w, https:\/\/isabelpedrero.com\/wp-content\/uploads\/2021\/09\/Portada-Omega-211x300.jpeg 211w, https:\/\/isabelpedrero.com\/wp-content\/uploads\/2021\/09\/Portada-Omega-555x787.jpeg 555w\" sizes=\"auto, (max-width: 300px) 100vw, 300px\" \/><\/figure><\/div>\n\n\n<p><\/p>\n\n\n\n<p class=\"has-text-align-right\"><strong>OMEGA<\/strong><br><br>\u00abEsto no es vida, primo\u00bb, dice Ib\u00e1n, y Alexei est\u00e1 de acuerdo.<br>Las calles de Koldport no son f\u00e1ciles, hace a\u00f1os que han tocado fondo y cualquier plan les parece bien para salir de ah\u00ed. \u00bfY si Omega Technologies tuviese la soluci\u00f3n? Parece demasiado sencillo, una locura\u2026 \u00bfo una genialidad? Pero todo tiene un precio que hay que estar dispuesto a pagar.<br><\/p>\n\n\n\n<p class=\"has-text-align-right\">NOMINADA A MEJOR NOVELA DEL <\/p>\n\n\n\n<p class=\"has-text-align-right\">2021 EN LOS PREMIOS IGNOTUS  <br><br><\/p>\n\n\n\n<div style=\"height:100px\" aria-hidden=\"true\" class=\"wp-block-spacer\"><\/div>\n\n\n\n<p>Tambi\u00e9n puedes leer alguno de mis relatos de forma gratuita haciendo click <a href=\"https:\/\/isabelpedrero.com\/?page_id=6751\"><span style=\"text-decoration: underline;\">aqu\u00ed<\/span><\/a>. \u00a1Tienes casi 40 para elegir!<\/p>\n","protected":false},"excerpt":{"rendered":"<p>\u00a1Hola! Soy Isabel Pedrero. Nac\u00ed en un pueblo de Le\u00f3n (Espa\u00f1a) en 1979 y desde siempre me ha interesado la lectura y la escritura. Ya desde peque\u00f1a ten\u00eda claro que la Ciencia Ficci\u00f3n era uno de mis g\u00e9neros favoritos y crec\u00ed leyendo a los grandes autores que llenaban las estanter\u00edas de la biblioteca (y que [&hellip;]<\/p>\n","protected":false},"author":1,"featured_media":16,"parent":0,"menu_order":0,"comment_status":"closed","ping_status":"closed","template":"","meta":{"_monsterinsights_skip_tracking":false,"_monsterinsights_sitenote_active":false,"_monsterinsights_sitenote_note":"","_monsterinsights_sitenote_category":0,"footnotes":""},"class_list":["post-58","page","type-page","status-publish","has-post-thumbnail","hentry"],"jetpack_sharing_enabled":true,"_links":{"self":[{"href":"https:\/\/isabelpedrero.com\/index.php?rest_route=\/wp\/v2\/pages\/58","targetHints":{"allow":["GET"]}}],"collection":[{"href":"https:\/\/isabelpedrero.com\/index.php?rest_route=\/wp\/v2\/pages"}],"about":[{"href":"https:\/\/isabelpedrero.com\/index.php?rest_route=\/wp\/v2\/types\/page"}],"author":[{"embeddable":true,"href":"https:\/\/isabelpedrero.com\/index.php?rest_route=\/wp\/v2\/users\/1"}],"replies":[{"embeddable":true,"href":"https:\/\/isabelpedrero.com\/index.php?rest_route=%2Fwp%2Fv2%2Fcomments&post=58"}],"version-history":[{"count":23,"href":"https:\/\/isabelpedrero.com\/index.php?rest_route=\/wp\/v2\/pages\/58\/revisions"}],"predecessor-version":[{"id":6785,"href":"https:\/\/isabelpedrero.com\/index.php?rest_route=\/wp\/v2\/pages\/58\/revisions\/6785"}],"wp:featuredmedia":[{"embeddable":true,"href":"https:\/\/isabelpedrero.com\/index.php?rest_route=\/wp\/v2\/media\/16"}],"wp:attachment":[{"href":"https:\/\/isabelpedrero.com\/index.php?rest_route=%2Fwp%2Fv2%2Fmedia&parent=58"}],"curies":[{"name":"wp","href":"https:\/\/api.w.org\/{rel}","templated":true}]}}

<div class="wp-block-image">
<figure class="alignleft size-large is-resized"><img loading="lazy" decoding="async" src="https://isabelpedrero.com/wp-content/uploads/2021/09/Foto-autora-Isabel-Pedrero--1024x683.jpg" alt="" class="wp-image-6727" width="392" height="261" srcset="https://isabelpedrero.com/wp-content/uploads/2021/09/Foto-autora-Isabel-Pedrero--1024x683.jpg 1024w, https://isabelpedrero.com/wp-content/uploads/2021/09/Foto-autora-Isabel-Pedrero--300x200.jpg 300w, https://isabelpedrero.com/wp-content/uploads/2021/09/Foto-autora-Isabel-Pedrero--768x512.jpg 768w, https://isabelpedrero.com/wp-content/uploads/2021/09/Foto-autora-Isabel-Pedrero--1536x1024.jpg 1536w, https://isabelpedrero.com/wp-content/uploads/2021/09/Foto-autora-Isabel-Pedrero--2048x1365.jpg 2048w, https://isabelpedrero.com/wp-content/uploads/2021/09/Foto-autora-Isabel-Pedrero--750x500.jpg 750w, https://isabelpedrero.com/wp-content/uploads/2021/09/Foto-autora-Isabel-Pedrero--555x370.jpg 555w" sizes="auto, (max-width: 392px) 100vw, 392px" /></figure></div>


<p>¡Hola!</p>



<p>Soy Isabel Pedrero. Nací en un pueblo de León (España) en 1979 y desde siempre me ha interesado la lectura y la escritura. Ya desde pequeña tenía claro que la Ciencia Ficción era uno de mis géneros favoritos y crecí leyendo a los grandes autores que llenaban las estanterías de la biblioteca (y que todos conocemos).</p>



<p>De adolescente descubrí las revistas <em>pulp</em> y, para mi, fue como abrir los ojos a un mundo nuevo. ¿De verdad se “podía” hacer eso a la hora de contar historias? Ese momento fue un antes y después para mi a la hora de entender la literatura y, por supuesto, mis obras están muy influenciadas por la esencia que desprendían aquellas revistas.</p>



<p>Aunque he escrito historias desde pequeña, no fue hasta casi mis 40 años que no me planteé la escritura como algo en serio. Desde entonces me he dedicado a estudiar para mejorar y, sobre todo, a escribir (porque a escribir se aprende escribiendo). En marzo de 2018 seleccionaron uno de mis relatos para una publicación por primera vez en mi vida y, desde ese momento, he publicado casi 40 relatos en antologías y dos novelas.</p>



<p>En esta web encontraréis esas historias.</p>



<div style="height:100px" aria-hidden="true" class="wp-block-spacer"></div>



<hr class="wp-block-separator has-alpha-channel-opacity"/>



<p></p>


<div class="wp-block-image">
<figure class="alignright size-large is-resized"><img loading="lazy" decoding="async" src="https://isabelpedrero.com/wp-content/uploads/2024/03/Intra-743x1024.jpg" alt="Intra" class="wp-image-6779" width="245" height="338" srcset="https://isabelpedrero.com/wp-content/uploads/2024/03/Intra-743x1024.jpg 743w, https://isabelpedrero.com/wp-content/uploads/2024/03/Intra-218x300.jpg 218w, https://isabelpedrero.com/wp-content/uploads/2024/03/Intra-768x1058.jpg 768w, https://isabelpedrero.com/wp-content/uploads/2024/03/Intra-1115x1536.jpg 1115w, https://isabelpedrero.com/wp-content/uploads/2024/03/Intra-1486x2048.jpg 1486w, https://isabelpedrero.com/wp-content/uploads/2024/03/Intra-555x765.jpg 555w, https://isabelpedrero.com/wp-content/uploads/2024/03/Intra-scaled.jpg 1858w" sizes="auto, (max-width: 245px) 100vw, 245px" /><figcaption class="wp-element-caption">Intra</figcaption></figure></div>


<p class="has-text-align-right"><strong>INTRA</strong></p>



<p>Alex nunca se había planteado a dónde va el exceso de energía que se produce en la fábrica en la que trabaja hasta que conoce a Matt, su tutor, quien le cuenta que sobre su mundo existe otro mucho más grande y luminoso que vive gracias a la energía geotérmica que ellos generan.</p>



<p>Aquello no tiene ningún sentido para Alex. De todos es sabido que allí arriba, si subes por encima de la línea segura, solo encuentras vacío y muerte.</p>



<p>Sin embargo, cuando ve con sus propios ojos los grandes cables que ascienden desde la azotea de la fábrica hasta más allá de donde alcanza la vista, sabe que su destino está escrito.</p>



<p>Con la ayuda de Kriss, su mejor amiga, emprenderá un viaje cruzando la oscuridad, hacia donde nadie haya viajado nunca, hasta descubrir un nuevo mundo que no imaginaban.</p>



<p></p>



<p>Puedes adquirir <strong>Intra</strong> en la web de la editorial, haciendo click <span style="text-decoration: underline;"><a rel="noreferrer noopener" href="https://www.editorialcerbero.com/producto/999-pedazos/" data-type="URL" data-id="https://www.insomniaediciones.com/product/omega/" target="_blank">aquí</a></span> o pedirlo en tu librería de confianza.</p>



<div style="height:100px" aria-hidden="true" class="wp-block-spacer"></div>



<hr class="wp-block-separator has-alpha-channel-opacity"/>



<p></p>



<p></p>



<p></p>



<p></p>



<p></p>


<div class="wp-block-image is-style-rectangular">
<figure class="alignleft size-large is-resized"><img loading="lazy" decoding="async" src="https://isabelpedrero.com/wp-content/uploads/2023/01/999-Pedazos-Cerbero-819x1024.jpg" alt="999 Pedazos - Portada" class="wp-image-6741" width="304" height="382" srcset="https://isabelpedrero.com/wp-content/uploads/2023/01/999-Pedazos-Cerbero-58x72.jpg 58w, https://isabelpedrero.com/wp-content/uploads/2023/01/999-Pedazos-Cerbero-262x328.jpg 262w" sizes="auto, (max-width: 304px) 100vw, 304px" /></figure></div>


<p><strong>999 PEDAZOS</strong></p>



<p>Encerrar al Mal en un espejo y luego romperlo sonaba como la mejor idea del mundo. Nadie se imaginó en ese momento que tan solo estaban dividiendo Su poder en 999 fragmentos. Y ahora se las está ingeniando para recomponerse, reflejándose en las pesadillas de los pobres incautos en cuyas manos cae cada trozo de cristal.</p>



<p>Medianoche tiene una única misión en la vida y nada lo va a detener: recuperar todos los pedazos y ponerlos a buen recaudo. No es la persona mejor preparada, no es la persona más adecuada, pero es la única dispuesta a hacerlo.</p>



<p><br>Puedes adquirir 999 Pedazos en la web de Editorial Cerbero, haciendo click <span style="text-decoration: underline;"><a rel="noreferrer noopener" href="https://www.editorialcerbero.com/producto/999-pedazos/" data-type="URL" data-id="https://www.insomniaediciones.com/product/omega/" target="_blank">aquí</a></span> por solo 5€</p>



<p></p>



<p></p>



<p></p>



<div style="height:100px" aria-hidden="true" class="wp-block-spacer"></div>



<p></p>



<hr class="wp-block-separator has-alpha-channel-opacity"/>



<p></p>



<p></p>


<div class="wp-block-image is-style-rectangular">
<figure class="alignright is-resized"><img loading="lazy" decoding="async" src="https://isabelpedrero.com/wp-content/uploads/2021/09/Portada-Omega.jpeg" alt="Omega" class="wp-image-6726" width="300" height="425" srcset="https://isabelpedrero.com/wp-content/uploads/2021/09/Portada-Omega.jpeg 700w, https://isabelpedrero.com/wp-content/uploads/2021/09/Portada-Omega-211x300.jpeg 211w, https://isabelpedrero.com/wp-content/uploads/2021/09/Portada-Omega-555x787.jpeg 555w" sizes="auto, (max-width: 300px) 100vw, 300px" /></figure></div>


<p></p>



<p class="has-text-align-right"><strong>OMEGA</strong><br><br>«Esto no es vida, primo», dice Ibán, y Alexei está de acuerdo.<br>Las calles de Koldport no son fáciles, hace años que han tocado fondo y cualquier plan les parece bien para salir de ahí. ¿Y si Omega Technologies tuviese la solución? Parece demasiado sencillo, una locura… ¿o una genialidad? Pero todo tiene un precio que hay que estar dispuesto a pagar.<br></p>



<p class="has-text-align-right">NOMINADA A MEJOR NOVELA DEL </p>



<p class="has-text-align-right">2021 EN LOS PREMIOS IGNOTUS  <br><br></p>



<div style="height:100px" aria-hidden="true" class="wp-block-spacer"></div>



<p>También puedes leer alguno de mis relatos de forma gratuita haciendo click <a href="https://isabelpedrero.com/?page_id=6751"><span style="text-decoration: underline;">aquí</span></a>. ¡Tienes casi 40 para elegir!</p>

<p>¡Hola! Soy Isabel Pedrero. Nací en un pueblo de León (España) en 1979 y desde siempre me ha interesado la lectura y la escritura. Ya desde pequeña tenía claro que la Ciencia Ficción era uno de mis géneros favoritos y crecí leyendo a los grandes autores que llenaban las estanterías de la biblioteca (y que [&hellip;]</p>
